uppose 17*g - 18*g = -v. What is the highest common divisor of g and a?
16
Suppose 3*d = 10*d - 336. Let y be (18/(-4))/((-3)/d). What is the greatest common factor of 18 and y?
18
Let w = -20 + 71. Let t = -27 + w. Calculate the highest common divisor of t and 108.
12
Let z(a) = 44*a + 106. Let c be z(3). Calculate the highest common divisor of c and 136.
34
Suppose 199 = -17*o + 16*o. Let s = 359 + o. Calculate the greatest common factor of s and 20.
20
Let i = 1 + 76. Let b be (3 + (-196)/(-2))*1. Let l be 38/(-171) - 1/((-9)/b). Calculate the highest common factor of i and l.
11
Suppose 4*v - 5*v = 3*h - 11, -3*v = 5*h - 13. Suppose 3*i + 5 = -2*i. Let c = h + i. Calculate the greatest common factor of c and 1.
1
Let g = -18 - -29. Let n = 781 + -682. What is the highest common factor of g and n?
11
Let q = -1632 + 1663. What is the highest common divisor of 217 and q?
31
Suppose 14*u - 19*u + 2*p = -9611, -5*u + 9614 = -3*p. Calculate the greatest common divisor of 113 and u.
113
Let s be (-50)/15 - 246/(-9). Let b = -12 + 28. What is the greatest common divisor of b and s?
8
Let z be 2 - 9*(-2)/3. What is the highest common factor of z and 1?
1
Let m(c) = -22*c - 1683. Let y be m(-87). Let v = -18 - -39. Calculate the highest common divisor of v and y.
21
Suppose 6*p - 10 = 32. Calculate the greatest common divisor of p and 112.
7
Let f = 692 - 650. Calculate the highest common divisor of f and 252.
42
Let k(p) = -6*p - 52. Let z be k(-11). Calculate the highest common factor of 434 and z.
14
Let i(w) = 13*w - 24. Let d(s) = 2*s**2 + 4*s. Let r be d(-3). Let a be i(r). Calculate the greatest common divisor of a and 18.
18
Suppose -101 = -m + 5*c, 2*m - m - 117 = c. Let j = 238 - 227. Calculate the greatest common factor of m and j.
11
Let d(p) = -p**3 + 12*p**2 - 12*p - 11. Let r be d(7). Calculate the greatest common factor of 1150 and r.
50
Let a(d) = 6 + 3*d - 7*d**2 - 2 + 0 + d**3. Let g be a(6). Let u = g - -140. What is the highest common divisor of u and 18?
18
Let h = 120 + -116. Suppose -4*i - 5*m = -154, -6 = h*i + m - 152. What is the greatest common factor of i and 144?
36
Suppose -3*x - d = -0*d + 69, -x + 3*d - 33 = 0. Let t = x - -14. Let r = t + 19. Calculate the greatest common divisor of 6 and r.
3
Let n(b) = -b - 14. Let z be n(-22). Let m = 4 + -1. Suppose 0 = -x + m + 1. Calculate the greatest common factor of z and x.
4
Let r = -78 + 134. Let j be 910/r - 1/4. What is the greatest common divisor of 16 and j?
16
Suppose -2*o + 4*r = -23 - 1, -4*r = -4*o + 40. Suppose 10*y - 22*y = -240. What is the highest common factor of o and y?
4
Let p be 10/3*(660/8 + -3). Calculate the highest common factor of 159 and p.
53
Let j(i) = -5*i**3 - 4*i**2 - 4*i + 30. Let y be j(-7). What is the highest common divisor of 83 and y?
83
Let g = 117 - 276. Let u = g + 195. Calculate the highest common factor of 27 and u.
9
Let p be 2/(((-3)/(-63))/((-1)/(-6))). Calculate the highest common factor of p and 259.
7
Let i = -13 + 15. Suppose q - 7 = 2*j + i*q, 5*q = -4*j - 17. Let m be (4/j)/(1/(-12)). Calculate the highest common factor of 8 and m.
8
Suppose -n - 7 + 4 = 0, 0 = -3*v + 3*n + 84. Suppose v = x - 47. Let s = 7 + 1. Calculate the highest common divisor of s and x.
8
Let h = 543 - 466. What is the highest common divisor of h and 616?
77
Let b = -40 - -127. Let i be (-358)/(-6) + -1 + (-28)/(-21). Let x = i + -2. Calculate the greatest common factor of b and x.
29
Suppose 2*s - 70 = -5*b, 5*s + 35 = -0*b + 5*b. Calculate the highest common divisor of b and 300.
12
Let j(k) = 19*k**2 + 3*k + 1. Let f be j(2). Let n = 105 - f. What is the greatest common factor of 22 and n?
22
Let i = -87 + 95. Suppose -42 = -i*p + 54. What is the greatest common divisor of p and 132?
12
Let k(z) = z**2 - 9*z + 4. Let d be k(9). Let o(s) = s**3 - 8*s**2 - 7*s - 2. Let i be o(9). What is the greatest common factor of i and d?
4
Let t(l) = 28*l**2 - 8*l - 12. Let h be t(-2). Calculate the greatest common factor of h and 20.
4
Let p be (-208)/(-36) - (-4)/18. Let l be (45/10 + -2)/(7/42). Calculate the greatest common factor of p and l.
3
Let j = 39 + 8. Calculate the highest common divisor of j and 141.
47
Let b(h) = h**3 - 5*h**2 - 10*h - 1. Let o be b(7). Suppose w - 3 = o. Let j be (-4)/(1 + (-17)/15). What is the greatest common factor of w and j?
30
Suppose -2*q = q - 27. Let r(g) = g - 8. Let n be r(q). Suppose i - 73 = -n. What is the highest common divisor of 8 and i?
8
Let q = 27 - 16. Suppose -q = -f + 43. Suppose -4*u + f = -2*g, 4*u - 4*g = g + 45. Calculate the highest common factor of u and 3.
3
Suppose -t + 91 = -s + 20, -4*t = 5*s - 239. What is the highest common divisor of t and 66?
66
Let z be (-11 - -16)/((-4)/(-644)). Calculate the greatest common factor of z and 23.
23
Let m(z) be the third derivative of z**4/24 + 175*z**3/6 - 28*z**2. Let n be m(0). Calculate the highest common divisor of n and 70.
35
Suppose -2*n + 5*w = 11 + 41, -3*n + 5*w - 68 = 0. Let o = -13 - n. What is the greatest common divisor of o and 6?
3
Let k be ((-105)/28)/((-7)/(672/2)). Calculate the highest common factor of k and 60.
60
Suppose -4*u - 2 + 22 = 0. Suppose u*k + 26 = 6*k. Calculate the greatest common factor of 234 and k.
26
Suppose -4*d = -20*d + 192. Calculate the highest common divisor of 124 and d.
4
Suppose -a - 4*p = 2*a - 7, -3*a + 21 = -3*p. Suppose -130 - 322 = -4*w - 2*j, 5*w - a*j = 595. Calculate the greatest common divisor of w and 23.
23
Let d be ((-4)/(-2))/(7/(-7)). Let m be d/((0 - -4)/(-2)). Calculate the highest common factor of 5 and m.
1
Let j(p) = -87*p - 337. Let c be j(-4). Suppose 515 = 5*h + 5*a, 7*a = 3*h + 3*a - 281. What is the highest common divisor of h and c?
11
Suppose 0 = 4*m + u - 0*u - 144, 0 = u. What is the greatest common factor of 522 and m?
18
Let o = -292 + 385. What is the greatest common divisor of 31 and o?
31
Suppose -13*i + 7 + 58 = 0. Suppose i*t = -2*s + 68, 4*s + 2*t + 112 = 9*s. What is the greatest common divisor of 96 and s?
24
Suppose 5*v + 3*n = n + 7, 5*n = -2*v - 14. Let q = -12 - -12. Suppose -g - v = q, -58 = -4*s - 3*g + g. Calculate the greatest common divisor of s and 40.
8
Suppose -3*c - 5*z + 2377 = 0, 5*c - 5*z - 3910 = -3*z. What is the greatest common factor of 49 and c?
49
Let m = 1033 + -596. What is the greatest common factor of m and 184?
23
Let l = 61 - -68. Suppose -5*i = -3*b + 381, b + 0*b - i - l = 0. Calculate the greatest common factor of 12 and b.
12
Let g(w) = -w**2 + 4*w + 1. Let b(p) = -p + 13. Let i be b(9). Let z be g(i). Suppose -t - 25 = -6*t. Calculate the highest common divisor of t and z.
1
Let l(s) = s**3 - 7*s**2 - s + 5. Let c be l(7). Let t = c - -5. Calculate the highest common divisor of t and 6.
3
Let g be (-158)/(-8) + 2/8. Let l(a) = -a**3 + 7*a**2 - 2*a. Let j be l(6). Let q be 5*j/(-150)*50/(-4). What is the greatest common factor of q and g?
10
Let w be 36/(-15)*(-50)/20. What is the highest common divisor of 4 and w?
2
Suppose n - 7 = -4. Let q be 3*n*(-44)/(-36). What is the highest common factor of q and 33?
11
Let w = -296 + 305. Let k = 10 + -4. What is the highest common factor of k and w?
3
Let m be (3 + (-51)/(-6))/((-2)/(-4)). Let z be 6/15 + (-1384)/10. Let a be (-3 - 1)/(3/z). What is the greatest common divisor of a and m?
23
Let d be 72/14*21/3. Suppose 28*c = 49*c - 189. Calculate the greatest common divisor of c and d.
9
Suppose -56 = -2*z + b + 67, 2*b - 188 = -3*z. Let a = -4 + z. Suppose 0 = y + 3 - a. Calculate the highest common divisor of 5 and y.
5
Let x be 12/42 - 278/(-7). Suppose 6 = -2*d, 3*d - 47 - x = -n. What is the highest common factor of n and 12?
12
Suppose 74 - 53 = f. What is the highest common divisor of 91 and f?
7
Let d(i) = -5*i - 3. Let x be d(-5). Let s = -79 - -123. What is the highest common factor of x and s?
22
Suppose -23*x + 40 = -6. Calculate the greatest common divisor of x and 3.
1
Suppose 177 - 113 = 4*r. Calculate the greatest common factor of r and 16.
16
Suppose -5*g + 5*z = -2*g - 325, 0 = g + 2*z - 112. Suppose -5*w - 23 + 73 = 0. Calculate the highest common divisor of g and w.
10
Let g be 891/6*80/60. What is the highest common factor of g and 90?
18
Let a(g) = -g**3 + 7*g**2 - 5*g -